 m(-89).
1
Let u(b) = 124*b - 22. What is u(0)?
-22
Let z(y) = 17*y + 357. Determine z(-21).
0
Let l(w) = -w**2 + 35*w - 144. Calculate l(32).
-48
Let p(r) = -138*r + 24157. Calculate p(175).
7
Let l(n) = -1762*n - 70479. Give l(-40).
1
Let d(q) = 3635*q + 39992. What is d(-11)?
7
Let t(r) = 2*r**2 + 53*r - 1598. Give t(18).
4
Let g(t) = t**2 + 11*t + 7. Give g(-8).
-17
Let k(v) = 3*v**2 - 118*v + 354. What is k(3)?
27
Let h(b) = 205*b**2 + 2*b - 4. What is h(1)?
203
Let g(w) = 2*w**3 - 21*w**2 - 7*w + 51. Determine g(11).
95
Let d(s) = -2*s**3 - 107*s**2 - 804*s - 58. What is d(-9)?
-31
Let o(k) = 3*k**2 - 251*k - 40. What is o(84)?
44
Let r(f) = 20*f + 196. Give r(-5).
96
Let y(r) = -32*r**2 + 46*r - 10. Calculate y(4).
-338
Let o(n) = 3*n**3 - 27*n + 28. What is o(1)?
4
Let j(d) = -339*d - 3049. What is j(-9)?
2
Let y(g) = 2*g**2 + 6*g - 6. What is y(1)?
2
Let p(i) = -140*i**3 + 13*i**2 + 15*i + 2. What is p(-1)?
140
Let y(k) = -4*k**2 - 55*k + 4. What is y(-18)?
-302
Let d(z) = z**3 - 32*z**2 - 227*z - 37. Calculate d(38).
1
Let c(o) = o**2 - 94*o + 670. Give c(8).
-18
Let j(c) = 2*c**3 - 2*c**2 + 5*c + 15. What is j(0)?
15
Let i(c) = -c**2 - 84*c + 5452. Determine i(43).
-9
Let z(n) = n**2 - 251*n + 2418. Give z(241).
8
Let r(g) = 108*g - 740. Calculate r(7).
16
Let a(k) = -68*k**2 - 2*k + 1. Give a(1).
-69
Let w(c) = c**3 - 12*c**2 + 22*c - 17. Determine w(7).
-108
Let f(s) = -s**2 - 44*s + 21. Give f(-13).
424
Let m(d) = -d**3 - 56*d**2 - 75*d - 424. What is m(-55)?
676
Let p(r) = 9*r - 121. Determine p(5).
-76
Let s(j) = j**3 - 12*j**2 + 15*j + 58. Calculate s(10).
8
Let j(a) = -a**2 + 94*a + 1514. What is j(-14)?
2
Let k(q) = -2*q + 8. Determine k(-11).
30
Let b(u) = -u**3 + 8*u**2 - 10*u - 4. What is b(8)?
-84
Let w(y) = -3*y**3 + 44*y**2 + 119*y + 1. Give w(-3).
121
Let a(g) = 153*g - 3520. Determine a(23).
-1
Let f(j) = j**2 + 29*j + 389. Give f(-22).
235
Let x(v) = 655*v + 54359. What is x(-83)?
-6
Let d(j) = -3*j**2 + 250*j - 803. What is d(80)?
-3
Let o(y) = -y**2 - 44*y + 544. Determine o(-54).
4
Let f(v) = -118*v - 2357. What is f(-20)?
3
Let y(l) = 29*l - 135. Calculate y(0).
-135
Let d(g) = g**3 - 6*g**2 + 7*g + 1. Determine d(5).
11
Let r(y) = 282*y - 237. Give r(2).
327
Let v(j) = 81*j - 5144. Calculate v(64).
40
Let z(i) = -i**3 + 2*i**2 - 27*i + 81. What is z(8)?
-519
Let v(l) = -l**3 - 13*l**2 - 30*l + 16. Calculate v(-4).
-8
Let g(a) = -a**3 + 8*a**2 + 24*a - 9. Determine g(10).
31
Let x(m) = 6*m + 118. Give x(-6).
82
Let d(a) = -2*a**3 + 106*a**2 + 110*a - 187. Give d(54).
-79
Let c(z) = 11*z - 107. What is c(0)?
-107
Let w(d) = -4*d**2 - 78*d - 55. Give w(-21).
-181
Let d(u) = -4*u**3 - 17*u**2 - 17*u - 51. Calculate d(-4).
1
Let y(b) = b**2 + 18*b + 100. Give y(-10).
20
Let o(p) = -p**3 + 5*p**2 - 159*p + 1096. Determine o(6).
106
Let d(h) = h**2 + 7*h - 15. Calculate d(3).
15
Let m(s) = 28*s + 522. Give m(-18).
18
Let q(b) = -4*b**2 - 62*b + 104. What is q(-17)?
2
Let u(d) = 35*d**2 + 526*d + 15. Determine u(-15).
0
Let z(l) = l**3 + 11*l**2 + 6*l - 107. Give z(-9).
1
Let l(f) = 68*f - 1257. Give l(17).
-101
Let b(f) = -6181*f + 105064. Give b(17).
-13
Let s(o) = 4*o**2 - 48*o + 19. Determine s(0).
19
Let l(p) = -p**3 + 14*p**2 + 273*p + 40. What is l(25)?
-10
Let m(h) = -3*h**2 - 48*h + 69. Determine m(-25).
-606
Let g(c) = 2*c**3 - 15*c**2 - 27*c + 82. Determine g(8).
-70
Let i(h) = 22*h + 1835. Calculate i(-83).
9
Let i(v) = -2*v**2 + 55*v + 99. Determine i(33).
-264
Let b(n) = -n**3 + 13*n**2 - 90*n + 1677. Determine b(15).
-123
Let t(y) = -y**3 - 9*y**2 - 15*y - 173. Give t(-10).
77
Let s(y) = 480*y + 4794. Give s(-10).
-6
Let o(k) = -21*k - 330. Determine o(-6).
-204
Let k(r) = r**3 + 4*r**2 + 2*r + 35. Determine k(-6).
-49
Let n(l) = l**3 + 38*l**2 + 35*l - 23. Give n(-37).
51
Let l(k) = -k**3 - 29*k**2 + 21*k - 125. Determine l(-30).
145
Let z(v) = 242*v + 1681. Calculate z(-7).
-13
Let h(q) = -2*q**2 + 14*q + 228. Give h(-7).
32
Let y(q) = 858*q + 18022. Determine y(-21).
4
Let g(b) = b**2 + b - 61. Give g(19).
319
Let m(j) = -2*j**3 - 50*j**2 - j - 50. Determine m(-25).
-25
Let p(a) = a**2 - 315*a + 24059. Determine p(130).
9
Let g(k) = -17*k - 585. Give g(-34).
-7
Let c(b) = 2*b**3 + 46*b**2 + 211*b + 122. Determine c(-17).
3
Let j(t) = 43*t**3 + t**2 - 2*t + 1. Determine j(1).
43
Let f(i) = 2*i**3 + 6*i**2 + 2*i - 29. Give f(-6).
-257
Let u(g) = -g**3 - 10*g**2 - 16*g - 45. What is u(-9)?
18
Let h(y) = 211*y - 2949. Determine h(15).
216
Let m(o) = o**3 - 10*o**2 - o + 34. Calculate m(8).
-102
Let f(z) = -z**3 - 7*z**2 - 7*z - 37. Calculate f(-5).
-52
Let t(h) = -13345*h - 80053. What is t(-6)?
17
Let n(f) = -f**2 - 22*f - 71. Calculate n(-24).
-119
Let m(h) = -41*h + 5017. Give m(129).
-272
Let z(o) = -38*o - 1287. Determine z(-34).
5
Let s(m) = -m**3 + 28*m**2 + 86*m + 6. What is s(31)?
-211
Let v(x) = x**2 - 68*x - 197. Give v(70).
-57
Let x(j) = j**3 - 18*j**2 + 41*j - 47. Give x(15).
-107
Let h(b) = b**2 + 840*b - 11963. What is h(14)?
-7
Let k(r) = -r**3 + 9*r**2 + 24*r - 43. Determine k(13).
-407
Let a(k) = -2*k**3 - 21*k**2 + 30*k - 19. Give a(-12).
53
Let w(v) = -4*v**2 + 417*v - 2019. Give w(5).
-34
Let j(l) = -3*l**2 + 51*l - 203. Determine j(5).
-23
Let n(c) = -41*c - 246. Give n(-4).
-82
Let t(j) = 16*j + 220. Determine t(-13).
12
Let r(d) = -3*d**2 + 31*d - 425. Give r(9).
-389
Let q(b) = -b**3 + 17*b - 21. Calculate q(-7).
203
Let h(d) = -26*d**2 + 294*d - 89. What is h(11)?
-1
Let g(m) = -802*m - 793. Give g(-1).
9
Let f(b) = -307*b + 20867. Determine f(68).
-9
Let t(j) = -j**3 + 2*j**2 - 9*j + 21. Calculate t(2).
3
Let i(v) = 62*v - 5481. Give i(88).
-25
Let b(w) = 52*w**2 + 227*w - 452. Give b(2).
210
Let o(t) = 177*t**2 + 6*t - 7. Give o(1).
176
Let k(b) = -b**2 + 17*b + 439. Determine k(27).
169
Let j(d) = d**3 + 64*d**2 - 130*d + 132. What is j(-66)?
0
Let r(w) = -19*w - 26. Give r(13).
-273
Let c(k) = k**3 + 12*k**2 - 91*k - 409. Determine c(-16).
23
Let a(j) = 5*j**2 - 162*j - 144. Determine a(34).
128
Let t(u) = 6*u**3 + 2*u**2 - 12*u + 6. What is t(2)?
38
Let i(m) = 1191*m + 20249. What is i(-17)?
2
Let r(k) = 2*k**3 - 46*k**2 + 45*k + 36. What is r(22)?
58
Let a(n) = 963*n - 6734. What is a(7)?
7
Let a(p) = p**3 + 344*p**2 - 1048*p - 2428. Give a(-347).
1
Let r(b) = b**2 + 17*b + 179. Calculate r(-13).
127
Let o(n) = 195*n - 4287. What is o(22)?
3
Let q(k) = -k**3 - 26*k**2 + 57*k + 809. Calculate q(-27).
-1
Let j(a) = a**3 + 10*a**2 + 22*a + 65. Give j(-8).
17
Let b(y) = y**2 + 1656*y - 20020. Give b(12).
-4
Let v(j) = -32*j**3 - 3*j**2 - 10*j + 5. Determine v(-2).
269
Let a(i) = -2*i**3 + 37*i**2 + 64*i - 234. Calculate a(20).
-154
Let s(y) = 3*y - 655. Give s(205).
-40
Let n(g) = -g**2 + 37*g + 145. Give n(0).
145
Let c(i) = -43*i - 1511. What is c(-35)?
-6
Let b(o) = -14*o**3 - 478*o**2 - 1361*o + 97. Calculate b(-31).
4
Let n(d) = d**2 - 10*d - 152. Determine n(25).
223
Let x(k) = -2*k**2 - 56*k + 125. Calculate x(-30).
5
Let z(i) = 14*i**2 - 21*i - 56. Give z(-2).
42
Let p(w) = -26*w - 368. Calculate p(14).
-732
Let s(c) = -c**3 - 36*c**2 - c - 61. Calculate s(-36).
-25
Let y(a) = -317*a + 4428. Give y(14).
-10
Let j(b) = b**3 + 33*b**2 - 245*b - 419. Calculate j(-39).
10
Let c(z) = -z**2 + 78*z - 1517. Determine c(36).
-5
Let a(z) = 48*z**2 - 354*z + 139. What is a(7)?
13
Let w(f) = -f**3 + 14*f**2 - 18*f - 3. Determine w(6).
177
Let c(o) = -2177*o + 4371. Give c(2).
17
Let u(n) = 10*n**3 + 92*n**2 + 19*n + 71. Give u(-9).
62
Let j(w) = 9*w**2 - 171*w - 172. Determine j(-1).
8
Let j(d) = d**2 + 114*d - 238. What is j(2)?
-6
Let a(l) = l**3 - 8*l**2 - 40*l + 265. Calculate a(10).
65
Let l(h) = -h**3 + 20*h**2 + 159*h - 3385. What is l(19)?
-3
Let q(g) = 47*g + 814. Give q(-18).
-32
Let d(i) = -181*i - 1272. Determine d(-7).
-5
Let k(l) = 335*l - 8316. Give k(25).
59
Let l(a) = a**3 + 27*a**2 + 50*a + 366. Determine l(-25).
366
Let d(l) = 60*l + 1674. Calculate d(-28).
-6
Let y(k) = 6*k**2 - 428*k - 862. Determine y(-2).
18
Let j(x) = 1220*x - 8547. Calculate j(7).
-7
Let g(q) = -2*q**3 + 10*q**2 - 16*q + 5. Determine g(6).
-163
Let a(r) = r**3 + 6*r**2 - 2*r - 5. What is a(1)?
0
Let s(d) = -140*d - 110. Give s(-2).
170
Let c(v) = 382*v + 5332. Calculate c(-14).
-16
Le